{"id":2,"date":"2020-02-06T17:44:14","date_gmt":"2020-02-06T16:44:14","guid":{"rendered":"http:\/\/kasparian-etancheite.com\/?page_id=2"},"modified":"2025-02-10T16:32:17","modified_gmt":"2025-02-10T15:32:17","slug":"nos-services","status":"publish","type":"page","link":"https:\/\/www.kasparian-etancheite.com\/index.php\/nos-services\/","title":{"rendered":"Nos services"},"content":{"rendered":"\n<h2 class=\"wp-block-heading\">Les m\u00e9tiers historiques<br><\/h2>\n\n\n\n<p>Historiquement, l&rsquo;entreprise Kasparian est sp\u00e9cialis\u00e9e dans la r\u00e9novation d\u2019immeubles d\u2019habitation et de locaux d\u2019activit\u00e9 du secteur secondaire ou tertiaire. Nous offrons nos services aux r\u00e9sidents et entreprises de la r\u00e9gion parisienne depuis plus de 45 ans. Cette long\u00e9vit\u00e9 est surement la principale preuve que vous faites appel \u00e0 l\u2019une des entreprises les plus attentives et fiable de notre m\u00e9tier. R\u00e9put\u00e9e dans la profession pour son approche technique et rigoureuse des dossiers, l&rsquo;entreprise Kasparian a toujours eu un niveau d\u2019exigence \u00e9lev\u00e9 sur la qualit\u00e9 de conduite des chantiers, garant de la satisfaction des clients et de la r\u00e9ussite de l\u2019entreprise.<br>Toutes demandes d\u2019interventions peuvent \u00eatre r\u00e9serv\u00e9s au moment qui vous convient le mieux.  <\/p>\n\n\n\n<blockquote class=\"wp-block-quote is-layout-flow wp-block-quote-is-layout-flow\"><p><strong>3 grands m\u00e9tiers<\/strong> : La r\u00e9novation &#8211; L&rsquo;\u00e9tanch\u00e9it\u00e9 &#8211; La couverture<\/p><\/blockquote>\n\n\n\n<figure class=\"wp-block-gallery has-nested-images columns-default is-cropped wp-block-gallery-1 is-layout-flex wp-block-gallery-is-layout-flex\"><\/figure>\n\n\n\n<blockquote class=\"wp-block-quote is-layout-flow wp-block-quote-is-layout-flow\"><p>L&rsquo;entreprise Kasparian  a \u00e9t\u00e9 cr\u00e9\u00e9e en 1975, et n\u2019a cess\u00e9 de d\u00e9velopper des comp\u00e9tences afin de rendre le meilleur des services \u00e0 ces clients.<\/p><\/blockquote>\n\n\n\n<div class=\"wp-block-cover\"><span aria-hidden=\"true\" class=\"wp-block-cover__background has-background-dim\"><\/span><img loading=\"lazy\" decoding=\"async\" width=\"1920\" height=\"1280\" class=\"wp-block-cover__image-background wp-image-79\" alt=\"\" src=\"http:\/\/kasparian-etancheite.com\/wp-content\/uploads\/2020\/02\/kasparian-compagnon.jpg\" data-object-fit=\"cover\" srcset=\"https:\/\/www.kasparian-etancheite.com\/wp-content\/uploads\/2020\/02\/kasparian-compagnon.jpg 1920w, https:\/\/www.kasparian-etancheite.com\/wp-content\/uploads\/2020\/02\/kasparian-compagnon-300x200.jpg 300w, https:\/\/www.kasparian-etancheite.com\/wp-content\/uploads\/2020\/02\/kasparian-compagnon-768x512.jpg 768w, https:\/\/www.kasparian-etancheite.com\/wp-content\/uploads\/2020\/02\/kasparian-compagnon-1024x683.jpg 1024w\" sizes=\"auto, (max-width: 767px) 89vw, (max-width: 1000px) 54vw, (max-width: 1071px) 543px, 580px\" \/><div class=\"wp-block-cover__inner-container is-layout-flow wp-block-cover-is-layout-flow\">\n<p class=\"has-text-align-center has-very-light-gray-color has-text-color has-large-font-size\"> Nos compagnons sont \u00e0 votre service  <\/p>\n<\/div><\/div>\n\n\n\n<h4 class=\"wp-block-heading\">Nos \u00e9quipes r\u00e9alisent tout type d&rsquo;\u00e9tanch\u00e9it\u00e9 :<\/h4>\n\n\n\n<ul class=\"wp-block-list\"><li>\u00e9tanch\u00e9it\u00e9 des terrasses,<\/li><li>\u00e9tanch\u00e9it\u00e9 des chenaux,<\/li><li>des balcons,<\/li><li>des toitures,<\/li><li>\u00e9tanch\u00e9it\u00e9 des pi\u00e8ces d&rsquo;eau. <\/li><\/ul>\n\n\n\n<figure class=\"wp-block-image size-full\"><img loading=\"lazy\" decoding=\"async\" width=\"886\" height=\"591\" src=\"https:\/\/kasparian-etancheite.com\/wp-content\/uploads\/2023\/01\/5.jpg\" alt=\"Etanch\u00e9it\u00e9 des terrasses\" class=\"wp-image-362\" srcset=\"https:\/\/www.kasparian-etancheite.com\/wp-content\/uploads\/2023\/01\/5.jpg 886w, https:\/\/www.kasparian-etancheite.com\/wp-content\/uploads\/2023\/01\/5-300x200.jpg 300w, https:\/\/www.kasparian-etancheite.com\/wp-content\/uploads\/2023\/01\/5-768x512.jpg 768w\" sizes=\"auto, (max-width: 767px) 89vw, (max-width: 1000px) 54vw, (max-width: 1071px) 543px, 580px\" \/><figcaption>Etanch\u00e9it\u00e9 des terrasses<\/figcaption><\/figure>\n\n\n\n<p>Nos compagnons sont des professionnels, ils ont pour obligation de s\u00e9curiser et de minimiser les d\u00e9sagr\u00e9ments sur toutes zones de travaux. Enfin il nous semble primordial de rendre les lieux propres et en parfait \u00e9tat apr\u00e8s chacune de nos interventions. <\/p>\n\n\n\n\n","protected":false},"excerpt":{"rendered":"<p>Les m\u00e9tiers historiques Historiquement, l&rsquo;entreprise Kasparian est sp\u00e9cialis\u00e9e dans la r\u00e9novation d\u2019immeubles d\u2019habitation et de locaux d\u2019activit\u00e9 du secteur secondaire ou tertiaire. Nous offrons nos services aux r\u00e9sidents et entreprises de la r\u00e9gion parisienne depuis plus de 45 ans. Cette long\u00e9vit\u00e9 est surement la principale preuve que vous faites appel \u00e0 l\u2019une des entreprises les &hellip; <\/p>\n<p class=\"link-more\"><a href=\"https:\/\/www.kasparian-etancheite.com\/index.php\/nos-services\/\" class=\"more-link\">Continuer la lecture<span class=\"screen-reader-text\"> de &laquo;&nbsp;Nos services&nbsp;&raquo;<\/span><\/a><\/p>\n","protected":false},"author":4,"featured_media":0,"parent":0,"menu_order":0,"comment_status":"closed","ping_status":"open","template":"","meta":{"footnotes":""},"class_list":["post-2","page","type-page","status-publish","hentry"],"yoast_head":"<!-- This site is optimized with the Yoast SEO plugin v27.1.1 - https:\/\/yoast.com\/product\/yoast-seo-wordpress\/ -->\n<title>Nos services - Entreprise Kasparian<\/title>\n<meta name=\"robots\" content=\"index, follow, max-snippet:-1, max-image-preview:large, max-video-preview:-1\" \/>\n<link rel=\"canonical\" href=\"https:\/\/www.kasparian-etancheite.com\/index.php\/nos-services\/\" \/>\n<meta property=\"og:locale\" content=\"fr_FR\" \/>\n<meta property=\"og:type\" content=\"article\" \/>\n<meta property=\"og:title\" content=\"Nos services - Entreprise Kasparian\" \/>\n<meta property=\"og:description\" content=\"Les m\u00e9tiers historiques Historiquement, l&rsquo;entreprise Kasparian est sp\u00e9cialis\u00e9e dans la r\u00e9novation d\u2019immeubles d\u2019habitation et de locaux d\u2019activit\u00e9 du secteur secondaire ou tertiaire. Nous offrons nos services aux r\u00e9sidents et entreprises de la r\u00e9gion parisienne depuis plus de 45 ans. Cette long\u00e9vit\u00e9 est surement la principale preuve que vous faites appel \u00e0 l\u2019une des entreprises les &hellip; Continuer la lecture de &laquo;&nbsp;Nos services&nbsp;&raquo;\" \/>\n<meta property=\"og:url\" content=\"https:\/\/www.kasparian-etancheite.com\/index.php\/nos-services\/\" \/>\n<meta property=\"og:site_name\" content=\"Entreprise Kasparian\" \/>\n<meta property=\"article:modified_time\" content=\"2025-02-10T15:32:17+00:00\" \/>\n<meta property=\"og:image\" content=\"http:\/\/kasparian-etancheite.com\/wp-content\/uploads\/2020\/02\/kasparian-compagnon.jpg\" \/>\n<meta name=\"twitter:card\" content=\"summary_large_image\" \/>\n<meta name=\"twitter:label1\" content=\"Dur\u00e9e de lecture estim\u00e9e\" \/>\n\t<meta name=\"twitter:data1\" content=\"2 minutes\" \/>\n<script type=\"application\/ld+json\" class=\"yoast-schema-graph\">{\"@context\":\"https:\/\/schema.org\",\"@graph\":[{\"@type\":\"WebPage\",\"@id\":\"https:\/\/www.kasparian-etancheite.com\/index.php\/nos-services\/\",\"url\":\"https:\/\/www.kasparian-etancheite.com\/index.php\/nos-services\/\",\"name\":\"Nos services - Entreprise Kasparian\",\"isPartOf\":{\"@id\":\"https:\/\/www.kasparian-etancheite.com\/#website\"},\"primaryImageOfPage\":{\"@id\":\"https:\/\/www.kasparian-etancheite.com\/index.php\/nos-services\/#primaryimage\"},\"image\":{\"@id\":\"https:\/\/www.kasparian-etancheite.com\/index.php\/nos-services\/#primaryimage\"},\"thumbnailUrl\":\"http:\/\/kasparian-etancheite.com\/wp-content\/uploads\/2020\/02\/kasparian-compagnon.jpg\",\"datePublished\":\"2020-02-06T16:44:14+00:00\",\"dateModified\":\"2025-02-10T15:32:17+00:00\",\"breadcrumb\":{\"@id\":\"https:\/\/www.kasparian-etancheite.com\/index.php\/nos-services\/#breadcrumb\"},\"inLanguage\":\"fr-FR\",\"potentialAction\":[{\"@type\":\"ReadAction\",\"target\":[\"https:\/\/www.kasparian-etancheite.com\/index.php\/nos-services\/\"]}]},{\"@type\":\"ImageObject\",\"inLanguage\":\"fr-FR\",\"@id\":\"https:\/\/www.kasparian-etancheite.com\/index.php\/nos-services\/#primaryimage\",\"url\":\"http:\/\/kasparian-etancheite.com\/wp-content\/uploads\/2020\/02\/kasparian-compagnon.jpg\",\"contentUrl\":\"http:\/\/kasparian-etancheite.com\/wp-content\/uploads\/2020\/02\/kasparian-compagnon.jpg\"},{\"@type\":\"BreadcrumbList\",\"@id\":\"https:\/\/www.kasparian-etancheite.com\/index.php\/nos-services\/#breadcrumb\",\"itemListElement\":[{\"@type\":\"ListItem\",\"position\":1,\"name\":\"Accueil\",\"item\":\"https:\/\/www.kasparian-etancheite.com\/\"},{\"@type\":\"ListItem\",\"position\":2,\"name\":\"Nos services\"}]},{\"@type\":\"WebSite\",\"@id\":\"https:\/\/www.kasparian-etancheite.com\/#website\",\"url\":\"https:\/\/www.kasparian-etancheite.com\/\",\"name\":\"Entreprise Kasparian\",\"description\":\"Entreprise du b\u00e2timent sp\u00e9cialis\u00e9e dans l&#039;isolation, l&#039;\u00e9tanch\u00e9it\u00e9 et la couverture\",\"publisher\":{\"@id\":\"https:\/\/www.kasparian-etancheite.com\/#organization\"},\"potentialAction\":[{\"@type\":\"SearchAction\",\"target\":{\"@type\":\"EntryPoint\",\"urlTemplate\":\"https:\/\/www.kasparian-etancheite.com\/?s={search_term_string}\"},\"query-input\":{\"@type\":\"PropertyValueSpecification\",\"valueRequired\":true,\"valueName\":\"search_term_string\"}}],\"inLanguage\":\"fr-FR\"},{\"@type\":\"Organization\",\"@id\":\"https:\/\/www.kasparian-etancheite.com\/#organization\",\"name\":\"Entreprise Kasparian\",\"url\":\"https:\/\/www.kasparian-etancheite.com\/\",\"logo\":{\"@type\":\"ImageObject\",\"inLanguage\":\"fr-FR\",\"@id\":\"https:\/\/www.kasparian-etancheite.com\/#\/schema\/logo\/image\/\",\"url\":\"https:\/\/www.kasparian-etancheite.com\/wp-content\/uploads\/2025\/04\/cropped-Logo.jpg\",\"contentUrl\":\"https:\/\/www.kasparian-etancheite.com\/wp-content\/uploads\/2025\/04\/cropped-Logo.jpg\",\"width\":2014,\"height\":761,\"caption\":\"Entreprise Kasparian\"},\"image\":{\"@id\":\"https:\/\/www.kasparian-etancheite.com\/#\/schema\/logo\/image\/\"}}]}<\/script>\n<!-- \/ Yoast SEO plugin. -->","yoast_head_json":{"title":"Nos services - Entreprise Kasparian","robots":{"index":"index","follow":"follow","max-snippet":"max-snippet:-1","max-image-preview":"max-image-preview:large","max-video-preview":"max-video-preview:-1"},"canonical":"https:\/\/www.kasparian-etancheite.com\/index.php\/nos-services\/","og_locale":"fr_FR","og_type":"article","og_title":"Nos services - Entreprise Kasparian","og_description":"Les m\u00e9tiers historiques Historiquement, l&rsquo;entreprise Kasparian est sp\u00e9cialis\u00e9e dans la r\u00e9novation d\u2019immeubles d\u2019habitation et de locaux d\u2019activit\u00e9 du secteur secondaire ou tertiaire. Nous offrons nos services aux r\u00e9sidents et entreprises de la r\u00e9gion parisienne depuis plus de 45 ans. Cette long\u00e9vit\u00e9 est surement la principale preuve que vous faites appel \u00e0 l\u2019une des entreprises les &hellip; Continuer la lecture de &laquo;&nbsp;Nos services&nbsp;&raquo;","og_url":"https:\/\/www.kasparian-etancheite.com\/index.php\/nos-services\/","og_site_name":"Entreprise Kasparian","article_modified_time":"2025-02-10T15:32:17+00:00","og_image":[{"url":"http:\/\/kasparian-etancheite.com\/wp-content\/uploads\/2020\/02\/kasparian-compagnon.jpg","type":"","width":"","height":""}],"twitter_card":"summary_large_image","twitter_misc":{"Dur\u00e9e de lecture estim\u00e9e":"2 minutes"},"schema":{"@context":"https:\/\/schema.org","@graph":[{"@type":"WebPage","@id":"https:\/\/www.kasparian-etancheite.com\/index.php\/nos-services\/","url":"https:\/\/www.kasparian-etancheite.com\/index.php\/nos-services\/","name":"Nos services - Entreprise Kasparian","isPartOf":{"@id":"https:\/\/www.kasparian-etancheite.com\/#website"},"primaryImageOfPage":{"@id":"https:\/\/www.kasparian-etancheite.com\/index.php\/nos-services\/#primaryimage"},"image":{"@id":"https:\/\/www.kasparian-etancheite.com\/index.php\/nos-services\/#primaryimage"},"thumbnailUrl":"http:\/\/kasparian-etancheite.com\/wp-content\/uploads\/2020\/02\/kasparian-compagnon.jpg","datePublished":"2020-02-06T16:44:14+00:00","dateModified":"2025-02-10T15:32:17+00:00","breadcrumb":{"@id":"https:\/\/www.kasparian-etancheite.com\/index.php\/nos-services\/#breadcrumb"},"inLanguage":"fr-FR","potentialAction":[{"@type":"ReadAction","target":["https:\/\/www.kasparian-etancheite.com\/index.php\/nos-services\/"]}]},{"@type":"ImageObject","inLanguage":"fr-FR","@id":"https:\/\/www.kasparian-etancheite.com\/index.php\/nos-services\/#primaryimage","url":"http:\/\/kasparian-etancheite.com\/wp-content\/uploads\/2020\/02\/kasparian-compagnon.jpg","contentUrl":"http:\/\/kasparian-etancheite.com\/wp-content\/uploads\/2020\/02\/kasparian-compagnon.jpg"},{"@type":"BreadcrumbList","@id":"https:\/\/www.kasparian-etancheite.com\/index.php\/nos-services\/#breadcrumb","itemListElement":[{"@type":"ListItem","position":1,"name":"Accueil","item":"https:\/\/www.kasparian-etancheite.com\/"},{"@type":"ListItem","position":2,"name":"Nos services"}]},{"@type":"WebSite","@id":"https:\/\/www.kasparian-etancheite.com\/#website","url":"https:\/\/www.kasparian-etancheite.com\/","name":"Entreprise Kasparian","description":"Entreprise du b\u00e2timent sp\u00e9cialis\u00e9e dans l&#039;isolation, l&#039;\u00e9tanch\u00e9it\u00e9 et la couverture","publisher":{"@id":"https:\/\/www.kasparian-etancheite.com\/#organization"},"potentialAction":[{"@type":"SearchAction","target":{"@type":"EntryPoint","urlTemplate":"https:\/\/www.kasparian-etancheite.com\/?s={search_term_string}"},"query-input":{"@type":"PropertyValueSpecification","valueRequired":true,"valueName":"search_term_string"}}],"inLanguage":"fr-FR"},{"@type":"Organization","@id":"https:\/\/www.kasparian-etancheite.com\/#organization","name":"Entreprise Kasparian","url":"https:\/\/www.kasparian-etancheite.com\/","logo":{"@type":"ImageObject","inLanguage":"fr-FR","@id":"https:\/\/www.kasparian-etancheite.com\/#\/schema\/logo\/image\/","url":"https:\/\/www.kasparian-etancheite.com\/wp-content\/uploads\/2025\/04\/cropped-Logo.jpg","contentUrl":"https:\/\/www.kasparian-etancheite.com\/wp-content\/uploads\/2025\/04\/cropped-Logo.jpg","width":2014,"height":761,"caption":"Entreprise Kasparian"},"image":{"@id":"https:\/\/www.kasparian-etancheite.com\/#\/schema\/logo\/image\/"}}]}},"_links":{"self":[{"href":"https:\/\/www.kasparian-etancheite.com\/index.php\/wp-json\/wp\/v2\/pages\/2","targetHints":{"allow":["GET"]}}],"collection":[{"href":"https:\/\/www.kasparian-etancheite.com\/index.php\/wp-json\/wp\/v2\/pages"}],"about":[{"href":"https:\/\/www.kasparian-etancheite.com\/index.php\/wp-json\/wp\/v2\/types\/page"}],"author":[{"embeddable":true,"href":"https:\/\/www.kasparian-etancheite.com\/index.php\/wp-json\/wp\/v2\/users\/4"}],"replies":[{"embeddable":true,"href":"https:\/\/www.kasparian-etancheite.com\/index.php\/wp-json\/wp\/v2\/comments?post=2"}],"version-history":[{"count":12,"href":"https:\/\/www.kasparian-etancheite.com\/index.php\/wp-json\/wp\/v2\/pages\/2\/revisions"}],"predecessor-version":[{"id":499,"href":"https:\/\/www.kasparian-etancheite.com\/index.php\/wp-json\/wp\/v2\/pages\/2\/revisions\/499"}],"wp:attachment":[{"href":"https:\/\/www.kasparian-etancheite.com\/index.php\/wp-json\/wp\/v2\/media?parent=2"}],"curies":[{"name":"wp","href":"https:\/\/api.w.org\/{rel}","templated":true}]}}